{"id":32,"date":"2023-08-30T20:26:33","date_gmt":"2023-08-30T20:26:33","guid":{"rendered":"https:\/\/servicioscompsa.com\/index.php\/mesmerize\/"},"modified":"2026-01-28T16:15:12","modified_gmt":"2026-01-28T22:15:12","slug":"mesmerize","status":"publish","type":"page","link":"https:\/\/servicioscompsa.com\/","title":{"rendered":"Servicios Compsa"},"content":{"rendered":"<div id=\"puntos\" class=\"features-ov-4-mc content-section content-section-spacing\" style=\"background-color: #ffffff;\" data-label=\"Puntos\" data-id=\"features-ov-4-mc\" data-export-id=\"features-ov-4-mc\" data-category=\"features\">\n<div class=\"gridContainer\">\n<div class=\"row spaced-cols text-center\" data-type=\"row\">\n<div class=\"col-xs-12 col-sm-4 col-padding\"><i class=\"fa icon shadow-large-black aligncenter color1 fa-database reverse round large\"><\/i>\n<div class=\"\" data-type=\"column\">\n<h5 class=\"font-400\">INFORMACI\u00d3N<\/h5>\n<p class=\"\" style=\"text-align: left;\">Tenemos total discreci\u00f3n con la informaci\u00f3n que manejamos, es uno de nuestros pilares de confianza con nuestros clientes.<\/p>\n\n<\/div>\n<\/div>\n<div class=\"col-xs-12 col-sm-4 col-padding\"><i class=\"fa icon fa-cogs large shadow-large-black round aligncenter reverse color2\"><\/i>\n<div class=\"\" data-type=\"column\">\n<h5 class=\"font-400\">SOPORTE T\u00c9CNICO<\/h5>\n<p class=\"\" style=\"text-align: left;\">Implementamos maneras personalizadas de ofrecer una asistencia de calidad a cada cliente.<\/p>\n\n<\/div>\n<\/div>\n<div class=\"col-xs-12 col-sm-4 col-padding\"><i class=\"fa icon shadow-large-black aligncenter color4 fa-clock-o reverse round large\"><\/i>\n<div class=\"\" data-type=\"column\">\n<h5 class=\"font-400\">DISPONIBILIDAD<\/h5>\n<p class=\"\" style=\"text-align: left;\">Hacemos todo lo posible para atender las necesidades diarias de cada cliente agendando visitas, llamadas telef\u00f3nicas o acceso remoto.<\/p>\n\n<\/div>\n<\/div>\n<\/div>\n<\/div>\n<\/div>\n<div id=\"acerca-de\" class=\"about-images-right-section-mc content-section content-section-spacing\" style=\"background-color: #f5fafd;\" data-label=\"Acerca de\" data-id=\"about-images-right-section-mc\" data-export-id=\"about-images-right-section-mc\" data-bullets-visibility=\"true\" data-category=\"about\">\n<div class=\"gridContainer\">\n<div class=\"row middle-sm text-center\">\n<div class=\"col-sm-5 content-left-sm\" data-type=\"column\">\n<h5 class=\"\">QU\u00c9 HACEMOS?<\/h5>\n<h2 class=\"\">Proporcionamos\n<span style=\"font-family: Playfair Display,sans-serif; font-weight: bold; font-style: italic;\">soluciones inform\u00e1ticas\u00a0<\/span>para todas sus necesidades!<\/h2>\n<p class=\"\">Analizamos, proponemos y resolvemos cualquier incidencia de TI en su empresa con la finalidad de hacer cumplir sus objetivos de la mejor manera posible.<\/p>\n<a class=\"button color1\" href=\"https:\/\/servicioscompsa.com\/index.php\/contacto\" target=\"_self\" rel=\"noopener\" data-cp-link=\"1\">CONTACTENOS<\/a>\n\n<\/div>\n<div class=\"col-sm-7 space-bottom-xs\">\n<div class=\"image-group-side-3-img\"><img decoding=\"async\" class=\"topimg shadow-large\" title=\"WORK_02\" src=\"http:\/\/servicioscompsa.com\/wp-content\/uploads\/2024\/08\/WORK_02-scaled.jpg\" alt=\"\" \/> <img decoding=\"async\" class=\"rightimg shadow-large\" title=\"Latin man checking the hardware of a computer\" src=\"http:\/\/servicioscompsa.com\/wp-content\/uploads\/2024\/08\/WORK_01-scaled.jpg\" alt=\"\" \/>\n<div class=\"leftimg\"><img decoding=\"async\" class=\"shadow-large\" title=\"cropped-sistemas.jpg\" src=\"http:\/\/servicioscompsa.com\/wp-content\/uploads\/2023\/09\/cropped-sistemas.jpg\" alt=\"\" \/><\/div>\n<\/div>\n<\/div>\n<\/div>\n<\/div>\n<\/div>\n<div id=\"aplicaciones\" class=\"features-16-card-bordered-mc content-section content-section-spacing\" style=\"background-color: #ffffff;\" data-label=\"Aplicaciones\" data-id=\"features-16-card-bordered-mc\" data-export-id=\"features-16-card-bordered-mc\" data-bullets-visibility=\"true\" data-category=\"features\">\n<div class=\"gridContainer\">\n<div class=\"row text-center\">\n<div class=\"section-title-col\" data-type=\"column\">\n<h5 class=\"\">APLICACIONES<\/h5>\n<h2 class=\"\">Procesos y soluciones!<\/h2>\n<p class=\"lead\">Contables, comerciales y producci\u00f3n.<\/p>\n\n<\/div>\n<\/div>\n<div class=\"row spaced-cols\" data-type=\"row\">\n<div class=\"col-xs-12 col-sm-6 col-md-4\">\n<div class=\"card no-padding bordered y-move\"><a href=\"https:\/\/servicioscompsa.com\/index.php\/2025\/03\/27\/contpaqi-contabilidad\" target=\"_self\" data-cp-link=\"1\"><img decoding=\"async\" class=\"face\" title=\"CONTPAQi_masterContabilidad_v2\" src=\"https:\/\/servicioscompsa.com\/wp-content\/uploads\/2023\/09\/cropped-CONTPAQi_masterContabilidad_v2-scaled-1.jpg\" alt=\"\" \/><\/a>\n<div class=\"col-padding-small col-padding-small-xs description-container\" data-type=\"column\">\n<h4 class=\"font-500\">CONTPAQi\u00ae Contabilidad<\/h4>\n<p class=\"\" style=\"text-align: left;\">Controla y analiza toda la informaci\u00f3n contable, fiscal y financiera de tu negocio con CONTPAQi\u00ae Contabilidad.<\/p>\n\n<\/div>\n<div class=\"col-padding-small col-padding-small-xs read-more-container\" data-type=\"column\"><a class=\"link\" href=\"https:\/\/servicioscompsa.com\/index.php\/2025\/03\/27\/contpaqi-contabilidad\" target=\"_self\" rel=\"noopener\" data-cp-link=\"1\">m\u00e1s\u2026<\/a><\/div>\n<\/div>\n<\/div>\n<div class=\"col-xs-12 col-sm-6 col-md-4\">\n<div class=\"card no-padding bordered y-move\"><img decoding=\"async\" class=\"face\" title=\"CONTPAQi_masterNominas_v2\" src=\"http:\/\/servicioscompsa.com\/wp-content\/uploads\/2023\/09\/CONTPAQi_masterNominas_v2-scaled.jpg\" alt=\"\" \/>\n<div class=\"col-padding-small col-padding-small-xs description-container\" data-type=\"column\">\n<h4 class=\"font-500\">CONTPAQi\u00ae N\u00f3minas<\/h4>\n<p class=\"\">Gestiona y contabiliza los sueldos de tus empleados desde nuestro sistema de n\u00f3minas para agilizar la administraci\u00f3n de tu negocio, cumplir con tus obligaciones legales y las necesidades de tu empresa.<\/p>\n\n<\/div>\n<div class=\"col-padding-small col-padding-small-xs read-more-container\" data-type=\"column\"><a class=\"read-more\" href=\"https:\/\/servicioscompsa.com\/index.php\/2025\/06\/26\/contpaqi-nominas\/\" target=\"_self\" rel=\"noopener\" data-cp-link=\"1\"> m\u00e1s\u2026<\/a><\/div>\n<\/div>\n<\/div>\n<div class=\"col-xs-12 col-sm-6 col-md-4\">\n<div class=\"card no-padding bordered y-move\"><a href=\"https:\/\/servicioscompsa.com\/index.php\/2025\/03\/27\/contpaqi-factura-electronica\" target=\"_self\" data-cp-link=\"1\"><img decoding=\"async\" class=\"face\" title=\"CONTPAQi_masterFacturaElectronica_v2\" src=\"https:\/\/servicioscompsa.com\/wp-content\/uploads\/2023\/09\/CONTPAQi_masterFacturaElectronica_v2-scaled.jpg\" alt=\"\" \/><\/a>\n<div class=\"col-padding-small col-padding-small-xs description-container\" data-type=\"column\">\n<h4 class=\"font-500\">CONTPAQi\u00ae Factura Electr\u00f3nica<\/h4>\n<p class=\"\">Emitir facturas electr\u00f3nicas y CFDIs (comprobante fiscal) nunca ha sido tan f\u00e1cil. Con nuestro sistema de facturaci\u00f3n podr\u00e1s cumplir en tiempo y forma con tus obligaciones fiscales.<\/p>\n\n<\/div>\n<div class=\"col-padding-small col-padding-small-xs read-more-container\" data-type=\"column\"><a class=\"read-more\" href=\"https:\/\/servicioscompsa.com\/index.php\/2025\/03\/27\/contpaqi-factura-electronica\" target=\"_self\" rel=\"noopener\" data-cp-link=\"1\">m\u00e1s\u2026<\/a><\/div>\n<\/div>\n<\/div>\n<\/div>\n<\/div>\n<\/div>\n<div id=\"noticias\" class=\"content-7-mc content-section content-section-spacing\" style=\"background-color: #f5fafd;\" data-label=\"Noticias\" data-id=\"content-7-mc\" data-export-id=\"content-7-mc\" data-category=\"content\" data-bullets-visibility=\"true\">\n<div class=\"gridContainer\">\n<div class=\"row middle-sm\">\n<div class=\"col-sm-6 space-bottom-xs\" data-type=\"column\">\n<h2 class=\"\">\u00daltimas noticias<\/h2>\n<p class=\"\">Porque t\u00fa lo pediste, cambia tu sistema a CONTPAQi\u00ae\u202fy obt\u00e9n el 40% de descuento.<\/p>\n\n<div class=\"\">\n<div>Consideraciones:<\/div>\n<div>\n<ul>\n \t<li><span class=\"line-height-mark\"><span class=\"fontSizeMark\"><span class=\"text-color\">Vigencia del 2 al 26 de febrero 2026<\/span><\/span><\/span><\/li>\n \t<li>Aplica para CONTPAQi Contabilidad\u00ae, Bancos\u00ae, N\u00f3minas\u00ae, Factura Electr\u00f3nica\u00ae, Comercial Start\u00ae y Pro\u00ae y Comercial Premium\u00ae.<\/li>\n \t<li>Aplica para productos nube: CONTPAQi Contabiliza\u00ae, CONTPAQi Respaldos\u00ae, CONTPAQi Eval\u00faa035\u00ae, CONTPAQi Personia\u00ae, CONTPAQi Vende\u00ae, CONTPAQi Cobra\u00ae y CONTPAQi Vi\u00e1ticos\u00ae.<\/li>\n \t<li>Aplica en Licenciamiento Anual<\/li>\n \t<li>Se requiere comprobar mediante factura, por lo menos 6 meses de contrataci\u00f3n<\/li>\n \t<li>El cliente podr\u00e1 solicitar con descuento, el n\u00famero de usuarios adicionales que desee, siempre que lo solicite en su primera compra, posteriormente los deber\u00e1 pagar a precio regular<\/li>\n \t<li>El descuento se otorga sin importar el tipo de licenciamiento contratado previamente con el sistema de otra marca, es decir, podr\u00eda ser anual, semestral, trimestral, mensual, permanente, etc.<\/li>\n \t<li>Al solicitar una Actualizaci\u00f3n Competitiva se podr\u00e1 solicitar en Suite donde solo el otro producto es el que llevar\u00e1 el 15% (solo sistemas participantes)<\/li>\n \t<li>No acumula con descuento de suite<\/li>\n \t<li>No aplica con otras promociones<\/li>\n \t<li>No aplica para APPS<\/li>\n \t<li>El descuento no aplica en CONTPAQi Conecta tu Banco\u00ae<\/li>\n \t<li>Aplican restricciones<\/li>\n<\/ul>\n<div>\n<div>Para hacer v\u00e1lido el descuento:<\/div>\n<div>Es necesario comprobar, a trav\u00e9s de una factura, el gasto total hecho en la adquisici\u00f3n del software que hoy utilizan tus clientes o prospectos, y que no sea CONTPAQi\u00ae; adem\u00e1s de especificar el sistema y periodo de vigencia adquirido. El sistema por adquirir deber\u00e1 de ser de caracter\u00edsticas y funciones iguales o similares al software que actualmente est\u00e1 utilizando.<\/div>\n<\/div>\n<div><\/div>\n<\/div>\n<\/div>\n<\/div>\n<div class=\"col-sm-6\" data-type=\"column\"><img decoding=\"async\" class=\"shadow-large\" title=\"40 porciento\" src=\"http:\/\/servicioscompsa.com\/wp-content\/uploads\/2024\/10\/40-porciento.png\" alt=\"\" \/><img decoding=\"async\" class=\"custom-image\" title=\"PROMOCI\u00d3N\" src=\"http:\/\/servicioscompsa.com\/wp-content\/uploads\/2025\/03\/PROMOCION.png\" alt=\"\" \/><\/div>\n<\/div>\n<\/div>\n<\/div>\n<div id=\"cuenta\" class=\"cta-blue-section-mc content-section content-section-spacing le_cocktail white-text\" style=\"background-color: #f5fafd;\" data-label=\"Cuenta\" data-id=\"cta--1\" data-export-id=\"cta-blue-section-mc\" data-category=\"cta\">\n<div class=\"gridContainer\">\n<div class=\"row middle-xs\">\n<div class=\"col-sm-8 space-bottom-xs\" data-type=\"column\">\n<h2 class=\"\">\u00a1\u00danete a nosotros! <span class=\"font-300\">Solo te llevara un minuto.<\/span><\/h2>\n<\/div>\n<div class=\"col-sm-4 end-sm\" data-type=\"column\"><a class=\"button color2\" href=\"https:\/\/servicioscompsa.com\/index.php\/my-account\" target=\"_self\" rel=\"noopener\" data-cp-link=\"1\">REGISTRATE<\/a><\/div>\n<\/div>\n<\/div>\n<\/div>\n<div id=\"redes-sociales\" class=\"overlappable-4-mc content-section content-section-spacing\" style=\"background-color: #ffffff;\" data-label=\"Redes Sociales\" data-id=\"overlappable--1\" data-export-id=\"overlappable-4-mc\" data-category=\"overlappable\" data-overlap=\"true\" data-bullets-visibility=\"true\">\n<div class=\"gridContainer\">\n<div class=\"row spaced-cols text-center\" data-type=\"row\">\n<div class=\"col-xs-12 col-sm-4 col-padding\"><i class=\"fa icon shadow-large-black aligncenter color1 fa-facebook-square reverse round big\"><\/i>\n<div class=\"\" data-type=\"column\">\n<h5 class=\"font-400\">FACEBOOK<\/h5>\n<\/div>\n<\/div>\n<div class=\"col-xs-12 col-sm-4 col-padding\"><i class=\"fa icon shadow-large-black aligncenter color2 fa-instagram reverse round big\"><\/i>\n<div class=\"\" data-type=\"column\">\n<h5 class=\"font-400\">INSTAGRAM<\/h5>\n<\/div>\n<\/div>\n<div class=\"col-xs-12 col-sm-4 col-padding\"><i class=\"fa icon shadow-large-black aligncenter color4 fa-envelope-square reverse round big\"><\/i>\n<div class=\"\" data-type=\"column\">\n<h5 class=\"font-400\">CORREO<\/h5>\n<\/div>\n<\/div>\n<\/div>\n<\/div>\n<\/div>\n<div id=\"promociones\" class=\"portfolio-4 content-section content-section-spacing-top\" style=\"background-color: #ffffff;\" data-label=\"Promociones\" data-id=\"portfolio--1\" data-export-id=\"portfolio-4\" data-category=\"portfolio\" data-bullets-visibility=\"true\">\n<div class=\"\">\n<div class=\"row text-center\">\n<div class=\"section-title-col\" data-type=\"column\">\n<h2 class=\"\">Promociones febrero 2026<\/h2>\n<p class=\"lead\">Aprovecha esta gran oportunidad que la marca ofrece, as\u00ed como algunos descuentos que SERVICIOS COMPSA tiene para ti, comienza con grandes cambios.<\/p>\n\n<\/div>\n<\/div>\n<div class=\"row\" data-type=\"row\" data-fixed=\"true\">\n<div class=\"col-xs-12 col-sm-3 no-gutter-col\">\n<div class=\"contentswap-effect\" data-hover-fx=\"portfolio-4\">\n<div class=\"initial-image\"><a class=\"\" href=\"https:\/\/servicioscompsa.com\/wp-content\/uploads\/2024\/10\/OCTUBRE-2024.png\" target=\"_self\" rel=\"noopener\"><img decoding=\"async\" class=\"alignnone\" src=\"http:\/\/servicioscompsa.com\/wp-content\/uploads\/2025\/02\/LIC-TRADICIONAL-A-ANUAL.png\" alt=\"\" data-size=\"542x360\" \/><\/a><\/div>\n<div class=\"overlay bg-color1\"><\/div>\n<div class=\"swap-inner col-xs-12\">\n<div class=\"row full-height-row middle-xs middle-sm\">\n<div class=\"col-xs-12 text-center content-holder\"><\/div>\n<\/div>\n<\/div>\n<\/div>\n<\/div>\n<div class=\"col-xs-12 col-sm-3 no-gutter-col\">\n<div class=\"contentswap-effect\" data-hover-fx=\"portfolio-4\">\n<div class=\"initial-image\"><img decoding=\"async\" src=\"http:\/\/servicioscompsa.com\/wp-content\/uploads\/2025\/03\/3.png\" data-size=\"542x360\" \/><\/div>\n<div class=\"overlay bg-color1\"><\/div>\n<div class=\"swap-inner col-xs-12\">\n<div class=\"row full-height-row middle-xs middle-sm\">\n<div class=\"col-xs-12 text-center content-holder\"><\/div>\n<\/div>\n<\/div>\n<\/div>\n<\/div>\n<div class=\"col-xs-12 col-sm-3 no-gutter-col\">\n<div class=\"contentswap-effect\" data-hover-fx=\"portfolio-4\">\n<div class=\"initial-image\"><img decoding=\"async\" src=\"http:\/\/servicioscompsa.com\/wp-content\/uploads\/2025\/03\/1.png\" data-size=\"542x360\" \/><\/div>\n<div class=\"overlay bg-color1\"><\/div>\n<div class=\"swap-inner col-xs-12\">\n<div class=\"row full-height-row middle-xs middle-sm\">\n<div class=\"col-xs-12 text-center content-holder\"><\/div>\n<\/div>\n<\/div>\n<\/div>\n<\/div>\n<div class=\"col-xs-12 col-sm-3 no-gutter-col\">\n<div class=\"contentswap-effect\" data-hover-fx=\"portfolio-4\">\n<div class=\"initial-image\"><img decoding=\"async\" src=\"http:\/\/servicioscompsa.com\/wp-content\/uploads\/2025\/03\/2.png\" data-size=\"542x360\" \/><\/div>\n<div class=\"overlay bg-color1\"><\/div>\n<div class=\"swap-inner col-xs-12\">\n<div class=\"row full-height-row middle-xs middle-sm\">\n<div class=\"col-xs-12 text-center content-holder\"><\/div>\n<\/div>\n<\/div>\n<\/div>\n<\/div>\n<div class=\"col-xs-12 col-sm-3 no-gutter-col\">\n<div class=\"contentswap-effect\" data-hover-fx=\"portfolio-4\">\n<div class=\"initial-image\"><img decoding=\"async\" src=\"http:\/\/servicioscompsa.com\/wp-content\/uploads\/2025\/03\/PROMOCION.png\" data-size=\"542x360\" \/><\/div>\n<div class=\"overlay bg-color1\"><\/div>\n<div class=\"swap-inner col-xs-12\">\n<div class=\"row full-height-row middle-xs middle-sm\">\n<div class=\"col-xs-12 text-center content-holder\"><\/div>\n<\/div>\n<\/div>\n<\/div>\n<\/div>\n<div class=\"col-xs-12 col-sm-3 no-gutter-col\">\n<div class=\"contentswap-effect\" data-hover-fx=\"portfolio-4\">\n<div class=\"initial-image\"><img decoding=\"async\" src=\"http:\/\/servicioscompsa.com\/wp-content\/uploads\/2025\/02\/CQI_2025_CRONO_FEBRERO_26_A.png\" data-size=\"542x360\" \/><\/div>\n<div class=\"overlay bg-color1\"><\/div>\n<div class=\"swap-inner col-xs-12\">\n<div class=\"row full-height-row middle-xs middle-sm\">\n<div class=\"col-xs-12 text-center content-holder\"><\/div>\n<\/div>\n<\/div>\n<\/div>\n<\/div>\n<div class=\"col-xs-12 col-sm-3 no-gutter-col\">\n<div class=\"contentswap-effect\" data-hover-fx=\"portfolio-4\">\n<div class=\"initial-image\"><img decoding=\"async\" src=\"http:\/\/servicioscompsa.com\/wp-content\/uploads\/2025\/02\/CQI_2025_CRONO_FEBRERO_26_B.png\" data-size=\"542x360\" \/><\/div>\n<div class=\"overlay bg-color1\"><\/div>\n<div class=\"swap-inner col-xs-12\">\n<div class=\"row full-height-row middle-xs middle-sm\">\n<div class=\"col-xs-12 text-center content-holder\"><\/div>\n<\/div>\n<\/div>\n<\/div>\n<\/div>\n<div class=\"col-xs-12 col-sm-3 no-gutter-col\">\n<div class=\"contentswap-effect\" data-hover-fx=\"portfolio-4\">\n<div class=\"initial-image\"><img decoding=\"async\" src=\"http:\/\/servicioscompsa.com\/wp-content\/uploads\/2025\/02\/CQI_2025_CRONO_FEBRERO_28_B.png\" data-size=\"542x360\" \/><\/div>\n<div class=\"overlay bg-color1\"><\/div>\n<div class=\"swap-inner col-xs-12\">\n<div class=\"row full-height-row middle-xs middle-sm\">\n<div class=\"col-xs-12 text-center content-holder\"><\/div>\n<\/div>\n<\/div>\n<\/div>\n<\/div>\n<\/div>\n<\/div>\n<\/div>\n<div id=\"testimonios\" class=\"testimonials-5-mc content-section content-section-spacing\" style=\"background-color: #ffffff;\" data-label=\"Testimonios\" data-id=\"testimonials-5-mc\" data-export-id=\"testimonials-5-mc\" data-category=\"testimonials\" data-bullets-visibility=\"true\">\n<div class=\"gridContainer\">\n<div class=\"row\">\n<div class=\"section-title-col\" data-type=\"column\">\n<h2 class=\"\">Testimonios de nuestros clientes<\/h2>\n<p class=\"lead\">La satisfacci\u00f3n de nuestros productos o servicios por parte de nuestros clientes:<\/p>\n\n<\/div>\n<\/div>\n<div class=\"row spaced-cols content-center-sm\" data-type=\"row\">\n<div class=\"col-sm-4\">\n<div class=\"card y-move bordered\" data-type=\"column\"><i class=\"fa fa-quote-right icon color1 small quotation-icon\"><\/i>\n<p class=\"text-center\">Muy contenta con el servicio. En SERVICIOS COMPSA me dan soluci\u00f3n de manera personalizada, eficiente y r\u00e1pida, tienen gran profesionalidad y el trato siempre correcto. En resumen, totalmente recomendable.<\/p>\n\n<h6 class=\"\">KARLA V. OROZCO<\/h6>\n<p class=\"small italic\">TERAN, ROJAS Y CIA, SC<\/p>\n\n<\/div>\n<\/div>\n<div class=\"col-sm-4\">\n<div class=\"card y-move bordered\" data-type=\"column\"><i class=\"fa fa-quote-right icon color1 small quotation-icon\"><\/i>\n<p class=\"text-center\">\u201cSolicite un servicio y me respondieron enseguida, me ayudaron con mi problema r\u00e1pidamente, Sa\u00fal supo a la primera como solucionar y lo hizo, siempre es muy amable y atento, lo recomiendo ampliamente\u201d<\/p>\n<img decoding=\"async\" class=\"round icon\" title=\"cropped-programador.png\" src=\"http:\/\/servicioscompsa.com\/wp-content\/uploads\/2023\/09\/cropped-programador.png\" alt=\"\" \/>\n<h6 class=\"\">VIRI BLANCO<\/h6>\n<p class=\"small italic\">CONDOMINIOS PUNTO MAJAHUA<\/p>\n\n<\/div>\n<\/div>\n<div class=\"col-sm-4\">\n<div class=\"card y-move bordered\" data-type=\"column\"><i class=\"fa fa-quote-right icon color1 small quotation-icon\"><\/i>\n<p class=\"text-center\">Su trabajo habla por \u00e9l, el trato y modo siempre han sido el adecuado, llevo a\u00f1os trabajando con \u00e9l y puedo decir que lo recomiendo sin duda alguna, siempre me sugiere lo que necesito y no me vende por vender. Es una muy buena opci\u00f3n como ingeniero de cabecera.<\/p>\n<img decoding=\"async\" class=\"round icon\" title=\"cropped-programador.png\" src=\"http:\/\/servicioscompsa.com\/wp-content\/uploads\/2023\/09\/cropped-programador.png\" alt=\"\" \/>\n<p class=\"small italic\">CONDOMINIOS REAL DE PALMAS<\/p>\n\n<\/div>\n<\/div>\n<\/div>\n<\/div>\n<\/div>","protected":false},"excerpt":{"rendered":"<p>INFORMACI\u00d3N Tenemos total discreci\u00f3n con la informaci\u00f3n que manejamos, es uno de nuestros pilares de confianza con nuestros clientes. SOPORTE T\u00c9CNICO Implementamos maneras personalizadas de ofrecer una asistencia de calidad a cada cliente. DISPONIBILIDAD Hacemos todo lo posible para atender las necesidades diarias de cada cliente agendando visitas, llamadas telef\u00f3nicas o acceso remoto. QU\u00c9 HACEMOS?&hellip; <br \/> <a class=\"read-more\" href=\"https:\/\/servicioscompsa.com\/\">Leer m\u00e1s<\/a><\/p>\n","protected":false},"author":1,"featured_media":0,"parent":0,"menu_order":0,"comment_status":"closed","ping_status":"closed","template":"page-templates\/homepage.php","meta":{"om_disable_all_campaigns":false,"_uag_custom_page_level_css":"","_monsterinsights_skip_tracking":false,"_monsterinsights_sitenote_active":false,"_monsterinsights_sitenote_note":"","_monsterinsights_sitenote_category":0,"footnotes":""},"class_list":["post-32","page","type-page","status-publish","hentry"],"aioseo_notices":[],"uagb_featured_image_src":{"full":false,"thumbnail":false,"medium":false,"medium_large":false,"large":false,"1536x1536":false,"2048x2048":false,"post-thumbnail":false,"mesmerize-full-hd":false,"woocommerce_thumbnail":false,"woocommerce_single":false,"woocommerce_gallery_thumbnail":false},"uagb_author_info":{"display_name":"SERVICIOS COMPSA","author_link":"https:\/\/servicioscompsa.com\/index.php\/author\/cetis454545gmail-com\/"},"uagb_comment_info":0,"uagb_excerpt":"INFORMACI\u00d3N Tenemos total discreci\u00f3n con la informaci\u00f3n que manejamos, es uno de nuestros pilares de confianza con nuestros clientes. SOPORTE T\u00c9CNICO Implementamos maneras personalizadas de ofrecer una asistencia de calidad a cada cliente. DISPONIBILIDAD Hacemos todo lo posible para atender las necesidades diarias de cada cliente agendando visitas, llamadas telef\u00f3nicas o acceso remoto. QU\u00c9 HACEMOS?&hellip;&hellip;","jetpack_sharing_enabled":true,"_links":{"self":[{"href":"https:\/\/servicioscompsa.com\/index.php\/wp-json\/wp\/v2\/pages\/32","targetHints":{"allow":["GET"]}}],"collection":[{"href":"https:\/\/servicioscompsa.com\/index.php\/wp-json\/wp\/v2\/pages"}],"about":[{"href":"https:\/\/servicioscompsa.com\/index.php\/wp-json\/wp\/v2\/types\/page"}],"author":[{"embeddable":true,"href":"https:\/\/servicioscompsa.com\/index.php\/wp-json\/wp\/v2\/users\/1"}],"replies":[{"embeddable":true,"href":"https:\/\/servicioscompsa.com\/index.php\/wp-json\/wp\/v2\/comments?post=32"}],"version-history":[{"count":163,"href":"https:\/\/servicioscompsa.com\/index.php\/wp-json\/wp\/v2\/pages\/32\/revisions"}],"predecessor-version":[{"id":827,"href":"https:\/\/servicioscompsa.com\/index.php\/wp-json\/wp\/v2\/pages\/32\/revisions\/827"}],"wp:attachment":[{"href":"https:\/\/servicioscompsa.com\/index.php\/wp-json\/wp\/v2\/media?parent=32"}],"curies":[{"name":"wp","href":"https:\/\/api.w.org\/{rel}","templated":true}]}}